e
Is 5148041537 a prime number?
False
Is 9326324537 a composite number?
True
Is 2641197739 a composite number?
True
Is 2757149719 composite?
False
Is 113510614361 a composite number?
True
Is 912377503 prime?
True
Is 2890211221 composite?
False
Is 1645001671 a composite number?
False
Is 281372209 a prime number?
True
Is 5597353217 prime?
True
Is 67579770449 a prime number?
True
Is 1291690003 composite?
True
Is 33624456269 a composite number?
False
Is 1396283963 prime?
True
Is 2623955017 a composite number?
False
Is 312663553 a composite number?
False
Is 122817677677 a prime number?
True
Is 1315885607 prime?
False
Is 63699038327 a prime number?
False
Is 354376931 a prime number?
True
Is 4001586821 composite?
False
Is 9768120517 composite?
True
Is 1584805567 prime?
True
Is 1971510601 a composite number?
False
Is 58914250537 a prime number?
False
Is 5703020471 composite?
True
Is 56601964903 composite?
True
Is 41215193771 composite?
True
Is 901122923 composite?
False
Is 37792287805 a composite number?
True
Is 1097849737 composite?
False
Is 1888399349 composite?
False
Is 2676848829 prime?
False
Is 5123488793 a composite number?
True
Is 42939957129 a composite number?
True
Is 122688809 prime?
True
Is 15621538551 a prime number?
False
Is 2341764463 a composite number?
True
Is 43991438251 a composite number?
True
Is 1413790579 prime?
False
Is 845438677 a composite number?
True
Is 132493506097 a prime number?
False
Is 3555795829 prime?
True
Is 628556909 composite?
True
Is 63486006113 composite?
False
Is 6974909 composite?
False
Is 2203705307 a composite number?
False
Is 248609561 a prime number?
True
Is 3397076251 a composite number?
False
Is 150497657 prime?
False
Is 338764667 composite?
True
Is 1853640707 composite?
True
Is 5726860561 a prime number?
True
Is 20392429 a composite number?
False
Is 1281682657 composite?
False
Is 18653639569 composite?
True
Is 2961012137 composite?
True
Is 22409707999 prime?
False
Is 61377676289 composite?
False
Is 257578889 a prime number?
True
Is 48446241161 prime?
False
Is 9977369101 a composite number?
True
Is 9491333389 a prime number?
False
Is 100312985 prime?
False
Is 1364419909 prime?
True
Is 7801303673 composite?
False
Is 174609435059 composite?
False
Is 4503217391 a prime number?
True
Is 1330227641 a composite number?
False
Is 248254481 prime?
False
Is 334433563 prime?
True
Is 127249559 composite?
False
Is 5674530791 composite?
True
Is 45475817437 a composite number?
True
Is 9183787147 composite?
False
Is 10374146401 a composite number?
True
Is 33202045445 a composite number?
True
Is 861281371 a prime number?
True
Is 2109998147 a prime number?
True
Is 4991500999 a composite number?
True
Is 1853987253 a prime number?
False
Is 293903189 a composite number?
False
Is 8959426271 composite?
False
Is 1553702083 a composite number?
False
Is 8486291197 a prime number?
True
Is 7248643361 composite?
True
Is 11170526533 a composite number?
True
Is 12746626589 composite?
False
Is 5036807411 a prime number?
True
Is 19628798873 a composite number?
True
Is 200527808615 prime?
False
Is 22074693269 a composite number?
False
Is 39407141303 a prime number?
True
Is 54216831639 a prime number?
False
Is 600778111 composite?
True
Is 2178142679 prime?
True
Is 5975348341 a prime number?
False
Is 12826977469 prime?
False
Is 57641677463 a prime number?
False
Is 1572195409 composite?
True
Is 8502167 composite?
True
Is 2178211181 prime?
True
Is 42559919 prime?
True
Is 26192192233 prime?
True
Is 46545197 prime?
True
Is 630348671 a prime number?
False
Is 17556685567 a prime number?
True
Is 459482323343 prime?
True
Is 51976168853 composite?
True
Is 171377527 a prime number?
False
Is 29013912137 a composite number?
True
Is 19285230431 a prime number?
True
Is 357358995633 prime?
False
Is 74426931559 composite?
False
Is 2422064077 prime?
True
Is 692216405 composite?
True
Is 4543054303 a composite number?
False
Is 1753758869 composite?
False
Is 3372086909 a prime number?
True
Is 6859139227 a prime number?
True
Is 188327353 a composite number?
False
Is 2856681323 prime?
False
Is 8281025309 a composite number?
True
Is 114096345807 prime?
False
Is 74869351805 a prime number?
False
Is 5174314169 a prime number?
False
Is 1944933409 prime?
True
Is 94460783 prime?
True
Is 1403127553 a composite number?
True
Is 678077219 a prime number?
True
Is 34897218387 composite?
True
Is 17340440791 a prime number?
True
Is 1401842279 prime?
False
Is 6048411877 a composite number?
False
Is 542830457 prime?
False
Is 12635655947 a prime number?
True
Is 44390551 a prime number?
True
Is 11904709 prime?
False
Is 39660167891 composite?
True
Is 755134847 a composite number?
True
Is 6393859463 composite?
False
Is 14199282379 composite?
True
Is 290512163 a prime number?
True
Is 1703922001 a composite number?
False
Is 8269896637 a prime number?
True
Is 3343879769 a prime number?
True
Is 2741319137 prime?
False
Is 1382501887 prime?
False
Is 13727791183 composite?
False
Is 42379586 composite?
True
Is 5654981 prime?
False
Is 4430960771 a composite number?
False
Is 15902281 composite?
False
Is 360295623389 composite?
True
Is 60277142683 composite?
True
Is 2434903813 a composite number?
False
Is 138846984691 prime?
False
Is 43777730383 a composite number?
False
Is 19986360307 a prime number?
True
Is 67411351181 prime?
True
Is 1901036323 a composite number?
False
Is 45171422633 composite?
False
Is 29463241931 a composite number?
False
Is 13469089847 composite?
False
Is 9993940651 a composite number?
False
Is 1299944179 composite?
True
Is 4273416707 a prime number?
False
Is 265134851 prime?
True
Is 550259059 a prime number?
False
Is 3294678053 prime?
True
Is 49915762223 a composite number?
False
Is 342707987 composite?
False
Is 29622473963 prime?
False
Is 9077600671 prime?
True
Is 1576352791 prime?
False
Is 980139614 prime?
False
Is 146596949 a prime number?
True
Is 1998162041 prime?
True
Is 110284789 composite?
False
Is 1000076417 composite?
True
Is 201105129 composite?
True
Is 16112699419 composite?
True
Is 2490051539 a prime number?
True
Is 8143772239 a composite number?
False
Is 5261901599 composite?
False
Is 27409276613 a prime number?
False
Is 73291423 a prime number?
True
Is 664846789 prime?
False
Is 3184027849 a composite number?
False
Is 45319502147 composite?
True
Is 74837816087 composite?
True
Is 1046652877 prime?
True
Is 7496750753 composite?
False
Is 27230036291 composite?
False
Is 620598287 a composite number?
True
Is 219684277 prime?
True
Is 1774185577 prime?
False
Is 13663521797 a prime number?
False
Is 34538142937 a prime number?
False
Is 61805225851 a prime number?
True
Is 26117353027 a composite number?
True
Is 19731856943 composite?
True
Is 41340304669 composite?
True
Is 339745199 prime?
True
Is 4069422079 composite?
True
Is 54098744507 a composite number?
True
Is 10045404233 composite?
False
Is 204727049 composite?
False
Is 126879668297 a prime number?
True
Is 808775857 composite?
False
Is 814343379 prime?
False
Is 8585036443 prime?
False
Is 4339507373 composite?
False
Is 3100711147 a composite number?
False
Is 4007782159 a prime number?
False
Is 382817647 a prime number?
False
Is 27543913561 composite?
False
Is 14209770151 composite?
True
Is 18640452283 composite?
False
Is 251458673 prime?
False
Is 5787645719 a prime number?
False
Is 265286865385 a prime number?
False
Is 878791493 composite?
False
Is 13071893243 composite?
False
Is 1887948233 a prime number?
False
Is 14457300851 composite?
True
Is 19283597 composite?
False
Is 1731480715 prime?
False
Is 45238973201 a prime number?
False
Is 266150178277 a composite number?
True
Is 2360005033 prime?
True
Is 962311303 prime?
True
Is 10491682271 a prime number?
False
Is 666836701 prime?
False
Is 4983989797 a composite number?
False
Is 103445634869 composite?
False
Is 1224005771 composite?
False
Is 4431479827 prime?
True
Is 10639185982 composite?
True
Is 68176538233 prime?
False
Is 3876452681 prime?
False
Is 127351571 composite?
True
Is 1019734403 a composite number?
False
Is 544995119 composite?
False
Is 361411979 a prime number?
True
Is 226691857317 a prime number?
False
Is 7885402951 a composite number?
True
Is 973852013 a composite number?
False
Is 14563663057 a composite number?
True
Is 111765859291 prime?
Fals